 to base 4.
-110
What is -31412 (base 7) in base 5?
-222001
Convert b08 (base 15) to base 3.
10101222
What is -431100 (base 5) in base 11?
-aa05
-8a5 (base 11) to base 4
-100323
What is 23134 (base 5) in base 16?
685
What is 10df (base 16) in base 8?
10337
Convert 466 (base 11) to base 8.
1054
89 (base 12) to base 13
81
-300122 (base 4) to base 9
-4222
50245 (base 6) to base 11
4a43
-31314 (base 9) to base 15
-61cd
What is -1d4 (base 14) in base 12?
-27a
Convert -1100101001011100 (base 2) to base 6.
-1035500
3115 (base 7) to base 12
76a
11210331 (base 4) to base 12
11279
-501 (base 12) to base 11
-5a6
-174 (base 12) to base 14
-128
Convert -12120 (base 4) to base 12.
-2a0
What is -52230 (base 6) in base 12?
-4076
Convert -3163 (base 7) to base 15.
-4ed
What is -6a4 (base 11) in base 10?
-840
-30110113 (base 4) to base 5
-3103310
Convert -3162 (base 8) to base 11.
-1270
Convert -10 (base 3) to base 9.
-3
What is -10 (base 5) in base 4?
-11
1051a (base 13) to base 4
13023311
What is -12513 (base 6) in base 3?
-2122000
167471 (base 8) to base 3
10010000012
-2004443 (base 5) to base 16
-7c81
What is 4816 (base 12) in base 16?
1f92
10221123 (base 4) to base 11
13335
Convert 258 (base 10) to base 7.
516
10110010111 (base 2) to base 3
1222000
Convert -b75 (base 16) to base 10.
-2933
What is -10e8 (base 16) in base 2?
-1000011101000
Convert -77 (base 15) to base 8.
-160
-154 (base 7) to base 14
-64
Convert 1057 (base 14) to base 8.
5405
What is 162 (base 9) in base 11?
115
What is 104cd (base 14) in base 5?
2230011
-150 (base 8) to base 14
-76
140427 (base 8) to base 2
1100000100010111
Convert 13456 (base 7) to base 10.
3667
What is 50352 (base 7) in base 3?
121201110
What is 120100020 (base 3) in base 4?
2232300
Convert 230104 (base 6) to base 5.
1110410
402 (base 8) to base 5
2013
What is -2103212 (base 4) in base 8?
-22346
-4220 (base 10) to base 4
-1001330
43 (base 13) to base 12
47
Convert -20455 (base 10) to base 7.
-113431
-841c (base 15) to base 8
-66427
What is -104630 (base 9) in base 6?
-1201130
What is 105 (base 13) in base 4?
2232
8548 (base 16) to base 9
51721
Convert -25c61 (base 13) to base 8.
-211106
What is -386a (base 14) in base 16?
-26a6
Convert 23440 (base 5) to base 4.
123101
Convert -a4a (base 13) to base 14.
-8d2
What is -36500 (base 7) in base 2?
-10010100100010
c14 (base 15) to base 12
16a7
Convert -110302 (base 4) to base 16.
-532
-13221333 (base 4) to base 2
-111101001111111
What is 13110 (base 4) in base 10?
468
1232 (base 9) to base 16
398
Convert -4117 (base 11) to base 5.
-133323
Convert 446 (base 12) to base 6.
2530
What is -2352 (base 6) in base 16?
-23c
Convert b83 (base 14) to base 2.
100011011111
522a (base 12) to base 5
241322
What is 4149 (base 12) in base 13?
3312
1ac1 (base 16) to base 15
2069
What is 458 (base 12) in base 7?
1610
Convert -100101111 (base 2) to base 5.
-2203
Convert -13221 (base 4) to base 14.
-26d
What is 2334 (base 5) in base 11?
293
5886 (base 16) to base 4
11202012
Convert -612 (base 15) to base 8.
-2527
101010110100 (base 2) to base 4
222310
Convert -71a1 (base 12) to base 8.
-30111
Convert -2113 (base 4) to base 7.
-304
What is -1111011010 (base 2) in base 6?
-4322
302330 (base 4) to base 7
12335
What is -1518 (base 9) in base 7?
-3233
What is -241420 (base 6) in base 14?
-799a
Convert -1490 (base 12) to base 2.
-100101101100
What is -325 (base 12) in base 11?
-38a
-244250 (base 7) to base 5
-2412343
What is -15a4 (base 11) in base 7?
-5656
Convert -78a (base 11) to base 16.
-3b1
What is -11001101111111 (base 2) in base 7?
-53302
Convert -1553 (base 6) to base 3.
-120220
Convert -130342 (base 5) to base 4.
-1033221
1092 (base 10) to base 14
580
Convert 1b4 (base 14) to base 9.
433
Convert -15371 (base 11) to base 9.
-32732
-1011001100000 (base 2) to base 3
-21212011
What is 130224 (base 5) in base 4?
1033020
211120 (base 4) to base 8
4530
Convert -10244 (base 6) to base 7.
-4033
-c023 (base 13) to base 9
-40175
Convert 205 (base 8) to base 2.
10000101
What is -2b10 (base 12) in base 5?
-130202
Convert -12b8 (base 15) to base 8.
-7636
Convert 3233 (base 7) to base 9.
1518
Convert -1c3 (base 14) to base 4.
-11233
Convert -6a1 (base 16) to base 13.
-a07
What is d9 (base 14) in base 3?
21002
Convert -1114 (base 8) to base 5.
-4323
Convert -779 (base 15) to base 14.
-889
21 (base 9) to base 14
15
What is 2734 (base 8) in base 11?
1144
323314 (base 5) to base 16
2b4c
26b (base 13) to base 2
110101011
11403 (base 7) to base 8
5577
158 (base 12) to base 6
552
What is -29595 (base 11) in base 12?
-20356
What is 558 (base 10) in base 5?
4213
54 (base 8) to base 9
48
Convert 81a (base 16) to base 7.
6022
-241405 (base 6) to base 16
-526d
What is -1451 (base 11) in base 2?
-11101001111
Convert 32514 (base 6) to base 13.
208c
What is -20b2 (base 16) in base 7?
-33255
-180 (base 10) to base 16
-b4
3571 (base 9) to base 13
1294
-1170 (base 8) to base 13
-398
Convert 3e9 (base 16) to base 8.
1751
Convert 1031133 (base 5) to base 14.
6620
What is 358 (base 10) in base 6?
1354
Convert -130a (base 13) to base 11.
-2048
241232 (base 5) to base 3
110021012
-250a (base 11) to base 3
-11111101
What is -22140 (base 5) in base 7?
-4335
What is -7438 (base 10) in base 15?
-230d
What is -2cc6 (base 14) in base 11?
-6026
Convert -10111110101 (base 2) to base 10.
-1525
Convert -7c (base 15) to base 14.
-85
-11001000010001 (base 2) to base 5
-402232
111001011 (base 2) to base 15
209
Convert -7055 (base 16) to base 12.
-14785
What is -338 (base 12) in base 9?
-578
What is 15421 (base 6) in base 16?
9e5
Convert -3654 (base 9) to base 15.
-c17
-934 (base 12) to base 9
-1744
What is -24500 (base 7) in base 10?
-6419
What is b9ed (base 15) in base 3?
2000000021
Convert 2625 (base 9) to base 8.
3657
What is 1052 (base 10) in base 12?
738
Convert 573 (base 10) to base 7.
1446
10077 (base 8) to base 13
1b7c
-17d (base 16) to base 12
-279
Convert 374 (base 14) to base 3.
221120
What is -2230 (base 6) in base 8?
-1012
Convert -45 (base 14) to base 15.
-41
Convert 20010 (base 4) to base 13.
309
What is 1441012 (base 5) in base 8?
74045
Convert -426 (base 8) to base 4.
-10112
What is -29 (base 12) in base 13?
-27
What is 5032 (base 7) in base 14?
8c2
What is -12437 (base 10) in base 16?
-3095
-aba (base 13) to base 2
-11100110011
Convert -1a6 (base 11) to base 9.
-283
What is -1020 (base 10) in base 15?
-480
Convert 235a5 (base 11) to base 3.
1201122002
2213033 (base 4) to base 16
29cf
783 (base 13) to base 14
682
What is 112012 (base 4) in base 16?
586
-624 (base 10) to base 7
-1551
Convert -1130211 (base 4) to base 15.
-1b50
24a (base 15) to base 16
208
Convert 3206 (base 12) to base 13.
2655
What is -1671 (base 16) in base 11?
-4353
-543 (base 15) to base 16
-4a4
Convert -312333 (base 4) to base 12.
-2053
Convert 1632 (base 16) to base 13.
2781
-1633 (base 10) to base 13
-988
11160 (base 8) to base 16
1270
What is -171a (base 13) in base 10?
-3403
-18908 (base 11) to base 3
-1100012021
-11032 (base 5) to base 15
-362
What is -1210 (base 6) in base 4?
-10212
-40331 (base 7) to base 12
-57a5
Convert 113210 (base 5) to base 14.
1748
280 (base 16) to base 10
640
-66537 (base 8) to base 4
-12311133
Convert -110111110111100 (base 2) to base 3.
-1110020102
What is -82a6 (base 11) in base 12?
-6452
Convert -1336 (base 8) to base 5.
-10414
-117b (base 13) to base 10
-2468
Convert -11021 (base 11) to base 7.
-64430
-2728 (base 9) to base 4
-200003
What is -462 (base 8) in base 4?
-10302
What is 1350 (base 6) in base 7?
1014
Convert 13435 (base 7) to base 6.
24524
What is -243011 (base 6) in base 3?
-1002100021
-13732 (base 9) to base 2
-10010010000000
Convert -6c44 (base 13) to base 2.
-11101110100010
102313 (base 4) to base 16
4b7
-4a7 (base 11) to base 13
-373
-313030 (base 5) to base 14
-3b02
What is -4541 (base 6) in base 2?
-10000101101
Convert 11101010 (base 2) to base 5.
1414
Convert -338 (base 13) to base 6.
-2322
What is 3222 (base 14) in base 16?
21ce
Convert -102444 (base 6) to base 7.
-33301
-21555 (base 6) to base 2
-101111001111
What is 2495 (base 12) in base 3?
12200112
172 (base 8) to base 10
122
-7171 (base 9) to base 16
-1480
52543 (base 7) to base 5
403332
-10a (base 12) to base 15
-a4
50a2 (base 13) to base 8
2